{"id":7226,"date":"2022-09-12T03:12:10","date_gmt":"2022-09-12T03:12:10","guid":{"rendered":"http:\/\/demo.ovathemes.com\/mistercar\/?page_id=3"},"modified":"2022-12-09T08:39:45","modified_gmt":"2022-12-09T08:39:45","slug":"mentions-legales","status":"publish","type":"page","link":"https:\/\/h2auto.fr\/index.php\/mentions-legales\/","title":{"rendered":"Mentions l\u00e9gales"},"content":{"rendered":"\t\t<div data-elementor-type=\"wp-page\" data-elementor-id=\"7226\" class=\"elementor elementor-7226\">\n\t\t\t\t\t\t\t\t\t<section class=\"elementor-section elementor-top-section elementor-element elementor-element-364f1132 elementor-section-boxed elementor-section-height-default elementor-section-height-default wpr-particle-no wpr-jarallax-no wpr-parallax-no wpr-sticky-section-no\" data-id=\"364f1132\" data-element_type=\"section\">\n\t\t\t\t\t\t<div class=\"elementor-container elementor-column-gap-default\">\n\t\t\t\t\t<div class=\"elementor-column elementor-col-100 elementor-top-column elementor-element elementor-element-66cd68cd\" data-id=\"66cd68cd\" data-element_type=\"column\">\n\t\t\t<div class=\"elementor-widget-wrap elementor-element-populated\">\n\t\t\t\t\t\t\t\t<div class=\"elementor-element elementor-element-22a3f10 elementor-widget elementor-widget-text-editor\" data-id=\"22a3f10\" data-element_type=\"widget\" data-widget_type=\"text-editor.default\">\n\t\t\t\t<div class=\"elementor-widget-container\">\n\t\t\t<style>\/*! elementor - v3.8.1 - 13-11-2022 *\/\n.elementor-widget-text-editor.elementor-drop-cap-view-stacked .elementor-drop-cap{background-color:#818a91;color:#fff}.elementor-widget-text-editor.elementor-drop-cap-view-framed .elementor-drop-cap{color:#818a91;border:3px solid;background-color:transparent}.elementor-widget-text-editor:not(.elementor-drop-cap-view-default) .elementor-drop-cap{margin-top:8px}.elementor-widget-text-editor:not(.elementor-drop-cap-view-default) .elementor-drop-cap-letter{width:1em;height:1em}.elementor-widget-text-editor .elementor-drop-cap{float:left;text-align:center;line-height:1;font-size:50px}.elementor-widget-text-editor .elementor-drop-cap-letter{display:inline-block}<\/style>\t\t\t\t<p><!-- wp:heading --><\/p>\n<p style=\"text-align: center;\">Conform\u00e9ment aux dispositions des Articles 6-III et 19 de la Loi n\u00b02004-575 du 21 juin 2004 pour la Confiance dans l\u2019\u00e9conomie num\u00e9rique, dite L.C.E.N., il est port\u00e9 \u00e0 la connaissance des Utilisateurs du site <a href=\"https:\/\/h2auto.fr\/\">https:\/\/h2auto.fr\/<\/a>\u00a0est pr\u00e9sentes mentions l\u00e9gales.<\/p>\n<p style=\"text-align: center;\">\u00a0<\/p>\n<p style=\"text-align: center;\">\u00a0<\/p>\n<p style=\"text-align: center;\">La connexion et la navigation sur le site <a href=\"https:\/\/h2auto.fr\">https:\/\/h2auto.fr<\/a>\/par l\u2019Utilisateur implique acceptation int\u00e9grale et sans r\u00e9serve des pr\u00e9sentes mentions l\u00e9gales.<\/p>\n<p style=\"text-align: center;\">Ces derni\u00e8res sont accessibles sur le site \u00e0 la rubrique \u00ab Mentions l\u00e9gales \u00bb<\/p>\n<table id=\"etab\" class=\"Table identity etablissement mt-16 mb-8\">\n<tbody>\n<tr>\n<td>\u00a0 \u00a0 \u00a0 \u00a0 \u00a0 \u00a0 \u00a0 \u00a0 \u00a0 \u00a0 \u00a0 \u00a0 \u00a0 \u00a0 \u00a0 \u00a0 \u00a0 \u00a0 \u00a0 \u00a0 \u00a0 \u00a0 \u00a0 \u00a0 \u00a0 \u00a0 \u00a0 \u00a0 \u00a0 \u00a0 \u00a0 \u00a0 \u00a0 \u00a0 \u00a0 \u00a0 \u00a0 \u00a0 \u00a0 \u00a0 \u00a0 \u00a0 \u00a0 \u00a0 \u00a0 \u00a0 \u00a0 \u00a0 \u00a0 \u00a0 \u00a0 \u00a0 \u00a0 \u00a0 \u00a0 \u00a0 \u00a0 \u00a0 \u00a0 \u00a0 \u00a0 \u00a0 \u00a0 \u00a0Siret : 92055618000015<\/td>\n<\/tr>\n<\/tbody>\n<\/table>\n<table id=\"etab\" class=\"Table identity etablissement mt-16 mb-8\">\n<tbody>\n<tr>\n<td>\n<p>\u00a0 \u00a0 \u00a0 \u00a0 \u00a0 \u00a0 \u00a0 \u00a0 \u00a0 \u00a0 \u00a0 \u00a0 \u00a0 \u00a0 \u00a0 \u00a0 \u00a0 \u00a0 \u00a0 \u00a0 \u00a0 \u00a0 \u00a0 \u00a0 \u00a0 \u00a0 \u00a0 \u00a0 \u00a0 \u00a0 \u00a0 \u00a0 \u00a0 \u00a0 \u00a0 \u00a0 \u00a0 \u00a0 \u00a0 \u00a0 \u00a0 \u00a0 \u00a0 \u00a0 \u00a0 \u00a0 \u00a0 \u00a0 \u00a0 \u00a0 \u00a0 \u00a0 \u00a0 \u00a0 \u00a0 \u00a0 \u00a0 \u00a0 \u00a0 \u00a0 \u00a0 \u00a0\u00a0<a class=\"Lien secondaire\" href=\"https:\/\/www.societe.com\/entreprises\/34_rue%20de%20ris\/91210_DRAVEIL.html\">34 RUE DE RIS 91210 DRAVEIL<\/a><\/p>\n<p>\u00a0 \u00a0 \u00a0 \u00a0 \u00a0 \u00a0 \u00a0 \u00a0 \u00a0 \u00a0 \u00a0 \u00a0 \u00a0 \u00a0 \u00a0 \u00a0 \u00a0 \u00a0 \u00a0 \u00a0 \u00a0 \u00a0 \u00a0 \u00a0 \u00a0 \u00a0 \u00a0 \u00a0 \u00a0 \u00a0 \u00a0 \u00a0 \u00a0 \u00a0 \u00a0 \u00a0 \u00a0 \u00a0 \u00a0 \u00a0 \u00a0 \u00a0 \u00a0 \u00a0 \u00a0 \u00a0 \u00a0 \u00a0 \u00a0 \u00a0 \u00a0 \u00a0 \u00a0 \u00a0 \u00a0 \u00a0 \u00a0 \u00a0 \u00a0 \u00a0 \u00a0 \u00a0 \u00a0 \u00a0 \u00a0 +33 7 69 44 86 55<\/p>\n<p>\u00a0<\/p>\n<p>\u00a0<\/p>\n<\/td>\n<\/tr>\n<\/tbody>\n<\/table>\n<p style=\"text-align: center;\">ARTICLE 1 : L\u2019\u00e9diteur<\/p>\n<p style=\"text-align: center;\">L\u2019\u00e9dition et la direction de la publication du site polinawebdesign.com est assur\u00e9e par la Soci\u00e9t\u00e9<\/p>\n<p style=\"text-align: center;\">ARTICLE 1 : L\u2019\u00e9diteur<\/p>\n<p style=\"text-align: center;\">L\u2019\u00e9dition et la direction de la publication du site polinawebdesign.com est assur\u00e9e par la Soci\u00e9t\u00e9 <a href=\"https:\/\/h2auto.fr\/\">H2 Auto<\/a><\/p>\n<p style=\"text-align: center;\">ARTICLE 2 : L\u2019h\u00e9bergeur<\/p>\n<p style=\"text-align: center;\">L&rsquo;h\u00e9bergeur du site polinawebdesign.com est HOSTINGER\u00a0INTERNATIONAL LTD, 61 Lordou Vironos Street, 6023 Larnaca, Chypre,<\/p>\n<p style=\"text-align: center;\">\u00a0<\/p>\n<p style=\"text-align: center;\">Le site est accessible par tout endroit, 7j\/7, 24h\/24 sauf cas de force majeure, interruption programm\u00e9e ou non et pouvant d\u00e9couler d\u2019une n\u00e9cessit\u00e9 de maintenance.<\/p>\n<p style=\"text-align: center;\">En cas de modification, interruption ou suspension des services, le site<a href=\"https:\/\/h2auto.fr\/\"> H2Auto<\/a> ne saurait \u00eatre tenu responsable.<\/p>\n<p style=\"text-align: center;\">ARTICLE 4 : Collecte des donn\u00e9es<\/p>\n<p style=\"text-align: center;\">Le site est exempt\u00e9 de d\u00e9claration \u00e0 la Commission Nationale Informatique et Libert\u00e9s (CNIL) dans la mesure o\u00f9 il ne collecte aucune donn\u00e9e concernant les utilisateurs.<\/p>\n<p style=\"text-align: center;\">\u00a0<\/p>\n<p style=\"text-align: center;\">ARTICLE 5 : Cookies<\/p>\n<p style=\"text-align: center;\">L\u2019Utilisateur est inform\u00e9 que lors de ses visites sur le site, un cookie peut s\u2019installer automatiquement sur son logiciel de navigation. En naviguant sur le site, il les accepte.<\/p>\n<p style=\"text-align: center;\">Un cookie est un \u00e9l\u00e9ment qui ne permet pas d\u2019identifier l\u2019Utilisateur, mais sert \u00e0 enregistrer des informations relatives \u00e0 la navigation de celui-ci sur le site Internet. L\u2019Utilisateur pourra d\u00e9sactiver ce cookie par l\u2019interm\u00e9diaire des param\u00e8tres figurant au sein de son logiciel de navigation.<\/p>\n<p style=\"text-align: center;\">\u00a0<\/p>\n<div data-testid=\"richTextElement\">\n<p style=\"text-align: center;\">ARTICLE 6 : Propri\u00e9t\u00e9 intellectuelle<\/p>\n<p style=\"text-align: center;\">Toute utilisation, reproduction, diffusion, commercialisation, modification de toutes ou partie du site polinawebdesign.com, sans autorisation de l\u2019\u00c9diteur est prohib\u00e9e et pourra entra\u00eener des actions et poursuites judiciaires telles que notamment pr\u00e9vues par le Code de la propri\u00e9t\u00e9 intellectuelle et le Code civil.<\/p>\n<\/div>\n<p style=\"text-align: center;\">Cr\u00e9dits Photos : <a href=\"https:\/\/h2auto.fr\/\">https:\/\/h2auto.fr\/<\/a> &amp;<br \/>Banque d&rsquo;images : <a href=\"https:\/\/unsplash.com\/\" target=\"_blank\" rel=\"noopener\">Unsplash<\/a>&#8211; <a href=\"https:\/\/fr.freepik.com\/home\">Freepik<\/a>\u00a0<\/p>\n<p style=\"text-align: center;\">\u00a0<\/p>\n<p><!-- \/wp:heading --><\/p>\t\t\t\t\t\t<\/div>\n\t\t\t\t<\/div>\n\t\t\t\t\t<\/div>\n\t\t<\/div>\n\t\t\t\t\t\t\t<\/div>\n\t\t<\/section>\n\t\t\t\t\t\t\t<\/div>\n\t\t","protected":false},"excerpt":{"rendered":"<p>Conform\u00e9ment aux dispositions des Articles 6-III et 19 de la Loi n\u00b02004-575 du 21 juin 2004 pour la Confiance dans l\u2019\u00e9conomie num\u00e9rique, dite L.C.E.N., il est port\u00e9 \u00e0 la connaissance des Utilisateurs du site https:\/\/h2auto.fr\/\u00a0est pr\u00e9sentes mentions l\u00e9gales. \u00a0 \u00a0 La connexion et la navigation sur le site https:\/\/h2auto.fr\/par l\u2019Utilisateur implique acceptation int\u00e9grale et sans [&hellip;]<\/p>\n","protected":false},"author":1,"featured_media":0,"parent":0,"menu_order":0,"comment_status":"closed","ping_status":"closed","template":"..\/public\/views\/revslider-page-template.php","meta":[],"_links":{"self":[{"href":"https:\/\/h2auto.fr\/index.php\/wp-json\/wp\/v2\/pages\/7226"}],"collection":[{"href":"https:\/\/h2auto.fr\/index.php\/wp-json\/wp\/v2\/pages"}],"about":[{"href":"https:\/\/h2auto.fr\/index.php\/wp-json\/wp\/v2\/types\/page"}],"author":[{"embeddable":true,"href":"https:\/\/h2auto.fr\/index.php\/wp-json\/wp\/v2\/users\/1"}],"replies":[{"embeddable":true,"href":"https:\/\/h2auto.fr\/index.php\/wp-json\/wp\/v2\/comments?post=7226"}],"version-history":[{"count":11,"href":"https:\/\/h2auto.fr\/index.php\/wp-json\/wp\/v2\/pages\/7226\/revisions"}],"predecessor-version":[{"id":7968,"href":"https:\/\/h2auto.fr\/index.php\/wp-json\/wp\/v2\/pages\/7226\/revisions\/7968"}],"wp:attachment":[{"href":"https:\/\/h2auto.fr\/index.php\/wp-json\/wp\/v2\/media?parent=7226"}],"curies":[{"name":"wp","href":"https:\/\/api.w.org\/{rel}","templated":true}]}}